{"id":286,"date":"2024-11-01T09:08:35","date_gmt":"2024-11-01T14:08:35","guid":{"rendered":"https:\/\/djsmedellin.com\/?page_id=286"},"modified":"2024-11-01T09:12:16","modified_gmt":"2024-11-01T14:12:16","slug":"programas","status":"publish","type":"page","link":"https:\/\/djsmedellin.com\/index.php\/programas\/","title":{"rendered":"programas"},"content":{"rendered":"\n<p>Los Mejores Programas de DJ [+ Descarga Gratuita]<\/p>\n\n\n\n<h3 class=\"wp-block-heading\">1. Virtual DJ<\/h3>\n\n\n\n<p>Virtual DJ es el software DJ m\u00e1s popular, y lo es gracias a su constante actualizaci\u00f3n e innovaci\u00f3n, y que adem\u00e1s es gratis para su uso en el hogar.<br>Es una navaja suiza, a pesar de ser gratuito es una barbaridad la cantidad de funciones y posibilidades que tiene.<\/p>\n\n\n\n<blockquote class=\"wp-block-quote is-layout-flow wp-block-quote-is-layout-flow\">\n<p>A nivel gratis es el mejor software sin duda (aunque recuerda que solo lo es para usarlo en casa \ud83d\ude42 ). Es muy potente y no tiene mucho que envidiar a otros programas de DJ profesionales.<\/p>\n<\/blockquote>\n\n\n<div class=\"wp-block-image\">\n<figure class=\"aligncenter\"><a href=\"https:\/\/djfuturo.com\/descargar-virtual-dj\/\"><img decoding=\"async\" src=\"https:\/\/djfuturo.com\/wp-content\/uploads\/virtualdj-principiantes.jpg\" alt=\"virtual dj\" class=\"wp-image-705\"\/><\/a><\/figure><\/div>\n\n\n<p><a href=\"https:\/\/djfuturo.com\/descargar-virtual-dj\/\">&nbsp;Descarga Virtual DJ<\/a><\/p>\n\n\n\n<h3 class=\"wp-block-heading\">2. Traktor DJ 2<\/h3>\n\n\n\n<p>Traktor DJ 2 es simple, pero con un gran motor de sonido, es el hermano menor de Traktor, ideal para sets r\u00e1pidos o para practicar. Tiene todo lo necesario y esencial para trabajar mezclas de calidad. Puedes conectarle controladoras y equipo midi (aunque no todas, deber\u00e1s revisarlo).<\/p>\n\n\n\n<blockquote class=\"wp-block-quote is-layout-flow wp-block-quote-is-layout-flow\">\n<p>Este software adem\u00e1s es full y 100% gratis.<\/p>\n<\/blockquote>\n\n\n<div class=\"wp-block-image\">\n<figure class=\"aligncenter\"><a href=\"https:\/\/djfuturo.com\/descargar-traktor-dj-2\/\"><img decoding=\"async\" src=\"https:\/\/djfuturo.com\/wp-content\/uploads\/descargar-traktor-dj2-gratis-full.jpeg\" alt=\"Descargar Traktor DJ2\" class=\"wp-image-2328\"\/><\/a><\/figure><\/div>\n\n\n<p><a href=\"https:\/\/djfuturo.com\/descargar-traktor-dj-2\/\">&nbsp;Descarga Traktor DJ 2<\/a><\/p>\n\n\n\n<h3 class=\"wp-block-heading\">3. Traktor Pro 4<\/h3>\n\n\n\n<p>Es la excelencia en Traktor DJ, un software preciso con todo lo necesario para trabajar un set profesional.<\/p>\n\n\n\n<p>Adem\u00e1s en esta versi\u00f3n 4, Native Instruments ha optado por la innovaci\u00f3n a\u00f1adiendo la separaci\u00f3n por stems, la incorporaci\u00f3n de patrones r\u00edtmicos y un maximizador del sonido derivado de Ozone (uno de los plugins de mastering de la marca).<\/p>\n\n\n\n<blockquote class=\"wp-block-quote is-layout-flow wp-block-quote-is-layout-flow\">\n<p>La calidad del sonido que emite de Traktor siempre ha sido muy halagada.<\/p>\n<\/blockquote>\n\n\n<div class=\"wp-block-image\">\n<figure class=\"aligncenter\"><a href=\"https:\/\/djfuturo.com\/descargar-traktor-pro-4\/\"><img decoding=\"async\" src=\"https:\/\/djfuturo.com\/wp-content\/uploads\/traktor-pro-4-descargar.jpg\" alt=\"Descargar Traktor Pro 4\" class=\"wp-image-5262\"\/><\/a><\/figure><\/div>\n\n\n<p><a href=\"https:\/\/djfuturo.com\/descargar-traktor-pro-4\/\">&nbsp;Descarga Traktor Pro 4<\/a><\/p>\n\n\n\n<h3 class=\"wp-block-heading\">5. Serato DJ Pro<\/h3>\n\n\n\n<p>Actualmente es uno de los m\u00e1s utilizados a nivel profesional en el mundo del DJ.&nbsp; Para muchos DJs es el mejor programa, por su fant\u00e1stico rendimiento y una enorme compatibilidad con una gran diversidad de equipo DJ.<\/p>\n\n\n\n<blockquote class=\"wp-block-quote is-layout-flow wp-block-quote-is-layout-flow\">\n<p>Podr\u00e1s verlo en muchos equipos DJ en discotecas y festivales.<\/p>\n<\/blockquote>\n\n\n<div class=\"wp-block-image\">\n<figure class=\"aligncenter\"><a href=\"https:\/\/djfuturo.com\/descargar-serato-dj-pro\/\"><img decoding=\"async\" src=\"https:\/\/djfuturo.com\/wp-content\/uploads\/descargar-serato-dj-pro.jpg\" alt=\"Descarga Serato DJ pro Gratis\" class=\"wp-image-2439\"\/><\/a><\/figure><\/div>\n\n\n<p><a href=\"https:\/\/djfuturo.com\/descargar-serato-dj-pro\/\">&nbsp;Descarga Serato DJ Pro<\/a><\/p>\n\n\n\n<h3 class=\"wp-block-heading\">6. Serato Lite<\/h3>\n\n\n\n<p>Es el hermano menor de Serato, una versi\u00f3n reducida. Pero puede ser muy interesante para DJs principiantes. Al tener menos funciones tambi\u00e9n es m\u00e1s f\u00e1cil centrarse en lo esencial al mezclar m\u00fasica.<\/p>\n\n\n\n<blockquote class=\"wp-block-quote is-layout-flow wp-block-quote-is-layout-flow\">\n<p>Es interesante para aprender sobretodo si pretendes pasar posteriormente a Serato DJ Pro.<\/p>\n<\/blockquote>\n\n\n<div class=\"wp-block-image\">\n<figure class=\"aligncenter\"><a href=\"https:\/\/djfuturo.com\/descargar-serato-dj-lite\/\"><img decoding=\"async\" src=\"https:\/\/djfuturo.com\/wp-content\/uploads\/descargar-serato-dj-lite.jpg\" alt=\"Descarga Serato DJ Lite Gratis\" class=\"wp-image-2440\"\/><\/a><\/figure><\/div>\n\n\n<p><a href=\"https:\/\/djfuturo.com\/descargar-serato-dj-lite\/\">&nbsp;Descarga Serato Lite<\/a><\/p>\n\n\n\n<h3 class=\"wp-block-heading\">7. DJUCED<\/h3>\n\n\n\n<p>Un programa de Hercules DJ, est\u00e1 muy bien trabajado y es 100% gratuito en su versi\u00f3n full, tiene muchas posibilidades y funciones. Puede competir contra los mejores programas DJ.<br>Lo \u00fanico es que cuenta con la limitaci\u00f3n de que solo puedes usarlo con equipo Hercules (o con el teclado y el rat\u00f3n).<\/p>\n\n\n\n<blockquote class=\"wp-block-quote is-layout-flow wp-block-quote-is-layout-flow\">\n<p>As\u00ed que ten en cuenta que si quieres conectarlo a una controladora, esta debe ser Hercules.<\/p>\n<\/blockquote>\n\n\n<div class=\"wp-block-image\">\n<figure class=\"aligncenter\"><a href=\"https:\/\/djfuturo.com\/descargar-djuced\/\"><img decoding=\"async\" src=\"https:\/\/djfuturo.com\/wp-content\/uploads\/descargar-djuced-espan%CC%83ol-windows-mac.jpeg\" alt=\"Descargar DJUCED\" class=\"wp-image-2390\"\/><\/a><\/figure><\/div>\n\n\n<p><a href=\"https:\/\/djfuturo.com\/descargar-djuced\/\">&nbsp;Descarga DJUCED<\/a><\/p>\n\n\n\n<h3 class=\"wp-block-heading\">8. Rekordbox<\/h3>\n\n\n\n<p>Otro de los software DJ m\u00e1s utilizados a nivel profesional. Es propiedad de Pioneer y est\u00e1 muy preparado para sus equipos tanto de gama media como de gama alta, que son los que claramente dominan el mercado a nivel profesional.<\/p>\n\n\n\n<blockquote class=\"wp-block-quote is-layout-flow wp-block-quote-is-layout-flow\">\n<p>As\u00ed que estamos hablando de otro de los top a nivel mundial. Podr\u00e1s verlo en discotecas y festivales.<\/p>\n<\/blockquote>\n\n\n<div class=\"wp-block-image\">\n<figure class=\"aligncenter\"><a href=\"https:\/\/djfuturo.com\/descargar-rekordbox\/\"><img decoding=\"async\" src=\"https:\/\/djfuturo.com\/wp-content\/uploads\/descargar-rekordbox.jpg\" alt=\"Descargar Rekordbox\" class=\"wp-image-2438\"\/><\/a><\/figure><\/div>\n\n\n<p><a href=\"https:\/\/djfuturo.com\/descargar-rekordbox\/\">&nbsp;Descarga Rekordbox<\/a><\/p>\n\n\n\n<h2 class=\"wp-block-heading\">BONUS<\/h2>\n\n\n\n<blockquote class=\"wp-block-quote is-layout-flow wp-block-quote-is-layout-flow\">\n<p>Programas diferentes para DJs:<\/p>\n<\/blockquote>\n\n\n\n<h3 class=\"wp-block-heading\">Mixed In Key<\/h3>\n\n\n\n<p>Este programa para DJs tiene una funci\u00f3n diferente. Es para preparar listas y encontrar ideas de mezclas y mashups.<\/p>\n\n\n\n<p>Se trata de un software de gesti\u00f3n de bibliotecas que&nbsp;<strong>clasifica los tracks por tonalidad<\/strong>&nbsp;y energ\u00eda entre otros par\u00e1metros. Adem\u00e1s crea hot CUEs de forma inteligente, y se exporta en los metadatos reconocidos por Serato o Rekordbox.<\/p>\n\n\n\n<blockquote class=\"wp-block-quote is-layout-flow wp-block-quote-is-layout-flow\">\n<p>Puedes preparar mashups para hacer en directo o mezclas m\u00e1s agresivas gracias a clasificar por tonalidad.<\/p>\n<\/blockquote>\n\n\n<div class=\"wp-block-image\">\n<figure class=\"aligncenter\"><a href=\"https:\/\/djfuturo.com\/mixed-in-key-descargar\/\"><img decoding=\"async\" src=\"https:\/\/djfuturo.com\/wp-content\/uploads\/Mixed-In-Key-descargar.jpg\" alt=\"Mixed In Key Descargar\" class=\"wp-image-4897\"\/><\/a><\/figure><\/div>\n\n\n<p><a href=\"https:\/\/djfuturo.com\/mixed-in-key-descargar\/\">&nbsp;Descargar Mixed In Key<\/a><\/p>\n\n\n\n<p>En las mezclas donde se combinen varias melod\u00edas (por ejemplo&nbsp;<em>un instrumental y una acapella<\/em>&nbsp;de canciones diferentes) es crucial que est\u00e9n en la misma tonalidad, para que la mezcla musical suene bien. Este software es imprescindible para encontrar esas ideas y realizar los preparativos y listas antes de un set.<\/p>\n","protected":false},"excerpt":{"rendered":"<p>Los Mejores Programas de DJ [+ Descarga Gratuita] 1. Virtual DJ Virtual DJ es el software DJ m\u00e1s popular, y lo es gracias a su constante actualizaci\u00f3n e innovaci\u00f3n, y que adem\u00e1s es gratis para su uso en el hogar.Es una navaja suiza, a pesar de ser gratuito es una<span class=\"more-link\"><a href=\"https:\/\/djsmedellin.com\/index.php\/programas\/\">leer mas<\/a><\/span><\/p>\n","protected":false},"author":1,"featured_media":0,"parent":0,"menu_order":0,"comment_status":"closed","ping_status":"closed","template":"","meta":{"om_disable_all_campaigns":false,"_monsterinsights_skip_tracking":false,"_monsterinsights_sitenote_active":false,"_monsterinsights_sitenote_note":"","_monsterinsights_sitenote_category":0,"_joinchat":[],"footnotes":""},"class_list":["entry","author-djsmedellin-com","post-286","page","type-page","status-publish"],"aioseo_notices":[],"jetpack_sharing_enabled":true,"_links":{"self":[{"href":"https:\/\/djsmedellin.com\/index.php\/wp-json\/wp\/v2\/pages\/286","targetHints":{"allow":["GET"]}}],"collection":[{"href":"https:\/\/djsmedellin.com\/index.php\/wp-json\/wp\/v2\/pages"}],"about":[{"href":"https:\/\/djsmedellin.com\/index.php\/wp-json\/wp\/v2\/types\/page"}],"author":[{"embeddable":true,"href":"https:\/\/djsmedellin.com\/index.php\/wp-json\/wp\/v2\/users\/1"}],"replies":[{"embeddable":true,"href":"https:\/\/djsmedellin.com\/index.php\/wp-json\/wp\/v2\/comments?post=286"}],"version-history":[{"count":2,"href":"https:\/\/djsmedellin.com\/index.php\/wp-json\/wp\/v2\/pages\/286\/revisions"}],"predecessor-version":[{"id":289,"href":"https:\/\/djsmedellin.com\/index.php\/wp-json\/wp\/v2\/pages\/286\/revisions\/289"}],"wp:attachment":[{"href":"https:\/\/djsmedellin.com\/index.php\/wp-json\/wp\/v2\/media?parent=286"}],"curies":[{"name":"wp","href":"https:\/\/api.w.org\/{rel}","templated":true}]}}