{"id":292,"date":"2024-11-01T09:17:56","date_gmt":"2024-11-01T14:17:56","guid":{"rendered":"https:\/\/djsmedellin.com\/?page_id=292"},"modified":"2024-11-01T09:20:26","modified_gmt":"2024-11-01T14:20:26","slug":"plugins-vst-descarga","status":"publish","type":"page","link":"https:\/\/djsmedellin.com\/index.php\/plugins-vst-descarga\/","title":{"rendered":"Plugins VST (+ Descarga)"},"content":{"rendered":"\n<p><\/p>\n\n\n\n<p>Los 12 Mejores Plugins VST (+ Descarga)<\/p>\n\n\n\n<p>Aqu\u00ed vas a poder ver un listado con\u00a0<strong>12 de los mejores plugins VST<\/strong>\u00a0que puedes utilizar en los DAW. Algunos son instrumentos virtuales y otros son herramientas para procesar el sonido o aplicar efectos.<\/p>\n\n\n\n<h3 class=\"wp-block-heading\">1. Kontakt (Native Instruments)<\/h3>\n\n\n\n<p><strong>Kontakt<\/strong>&nbsp;es un VST de instrumentos sampleados de alta calidad. La calidad de los sonidos es espectacular y adem\u00e1s cuenta con una enorme librer\u00eda. Se utiliza al m\u00e1ximo nivel profesional tanto para m\u00fasica, como para cine o videojuegos.<\/p>\n\n\n\n<blockquote class=\"wp-block-quote is-layout-flow wp-block-quote-is-layout-flow\">\n<p>Kontakt es un plugin que es imprescindible tener.<\/p>\n<\/blockquote>\n\n\n<div class=\"wp-block-image\">\n<figure class=\"aligncenter\"><img decoding=\"async\" src=\"https:\/\/djfuturo.com\/wp-content\/uploads\/kontakt-descargar.jpg\" alt=\"Descargar Kontakt\" class=\"wp-image-5019\"\/><\/figure><\/div>\n\n\n<p><a href=\"https:\/\/www.native-instruments.com\/es\/products\/komplete\/samplers\/kontakt-7\/\" target=\"_blank\" rel=\"noreferrer noopener\">&nbsp;Conoce m\u00e1s sobre Kontakt<\/a><\/p>\n\n\n\n<h3 class=\"wp-block-heading\">2. Waves (Waves Audio)<\/h3>\n\n\n\n<p><strong>Waves<\/strong>&nbsp;es un conjunto de plugins de diversos tipos de uso. Principalmente son famosos por su calidad y variedad para procesar el sonido y aplicar efectos. Cuentan con todo tipo de compresores, ecualizadores, limitadores.<\/p>\n\n\n\n<blockquote class=\"wp-block-quote is-layout-flow wp-block-quote-is-layout-flow\">\n<p>Por lo general se utiliza en algunos procesos de la producci\u00f3n, aunque se puede llegar incluso a masterizar solo con los plugins de waves.<\/p>\n<\/blockquote>\n\n\n<div class=\"wp-block-image\">\n<figure class=\"aligncenter\"><img decoding=\"async\" src=\"https:\/\/djfuturo.com\/wp-content\/uploads\/waves-descargar.jpg\" alt=\"Descargar Waves\" class=\"wp-image-5027\"\/><\/figure><\/div>\n\n\n<p><a href=\"https:\/\/www.waves.com\/plugins#sort:path~type~order=.default-order~number~asc|views:view=grid-view|paging:currentPage=0|paging:number=18\" target=\"_blank\" rel=\"noreferrer noopener\">&nbsp;Conoce m\u00e1s sobre los Plugins de Waves<\/a><\/p>\n\n\n\n<h3 class=\"wp-block-heading\">3. Nexus (reFX)<\/h3>\n\n\n\n<p><strong>Nexus<\/strong>&nbsp;es un rompler, un instrumento virtual tipo sampler, con montones de instrumentos y sintietizadores pregrabados. Una de las caracter\u00edsticas particulares de Nexus, es la calidad de los sonidos que emite, que por lo general es necesario procesarlos muy poco o nada, para que suenen bien, ya est\u00e1n muy trabajados. Adem\u00e1s incluye secuencias y combinaciones de instrumentos.<\/p>\n\n\n\n<blockquote class=\"wp-block-quote is-layout-flow wp-block-quote-is-layout-flow\">\n<p>Es muy utilizado en Pop, EDM y cine.<\/p>\n<\/blockquote>\n\n\n<div class=\"wp-block-image\">\n<figure class=\"aligncenter\"><img decoding=\"async\" src=\"https:\/\/djfuturo.com\/wp-content\/uploads\/nexus-descargar.jpg\" alt=\"Descargar Nexus\" class=\"wp-image-5021\"\/><\/figure><\/div>\n\n\n<p><a href=\"https:\/\/refx.com\/nexus\/\" target=\"_blank\" rel=\"noreferrer noopener\">&nbsp;Conoce m\u00e1s sobre Nexus<\/a><\/p>\n\n\n\n<h3 class=\"wp-block-heading\">4. Serum (Xfer Records)<\/h3>\n\n\n\n<p><strong>Serum<\/strong>&nbsp;es un sintetizador virtual basado en tablas de onda. Puedes crear todo tipo de sonidos desde 0, y es conocido por la gran calidad y el nivel de detalle que emite. Adem\u00e1s es muy gr\u00e1fico, puedes trabajar mucho a nivel visual.<\/p>\n\n\n\n<p>Tambi\u00e9n cuentas con grandes librer\u00edas de presets.<\/p>\n\n\n\n<blockquote class=\"wp-block-quote is-layout-flow wp-block-quote-is-layout-flow\">\n<p>Es muy utilizado actualmente.<\/p>\n<\/blockquote>\n\n\n<div class=\"wp-block-image\">\n<figure class=\"aligncenter\"><a href=\"https:\/\/djfuturo.com\/descargar-serum\/\"><img decoding=\"async\" src=\"https:\/\/djfuturo.com\/wp-content\/uploads\/serum-descargar.jpg\" alt=\"Descargar Serum\" class=\"wp-image-5025\"\/><\/a><\/figure><\/div>\n\n\n<p><a href=\"https:\/\/djfuturo.com\/descargar-serum\/\">&nbsp;Descarga Serum<\/a><\/p>\n\n\n\n<h3 class=\"wp-block-heading\">5. Ozone (iZotope)<\/h3>\n\n\n\n<p><strong>Ozone<\/strong>&nbsp;es un suite de mastering. Este plugin incluye una serie de procesos para poner punto final a las producciones musicales y sonoras. compresi\u00f3n multibanda, ecualizaci\u00f3n, exitador de arm\u00f3nicos, limitaci\u00f3n, etc.<\/p>\n\n\n\n<blockquote class=\"wp-block-quote is-layout-flow wp-block-quote-is-layout-flow\">\n<p>Es un plugin muy utilizado para masterizar, y adem\u00e1s ahora incorpora IA para ayudarte en el proceso.<\/p>\n<\/blockquote>\n\n\n<div class=\"wp-block-image\">\n<figure class=\"aligncenter\"><img decoding=\"async\" src=\"https:\/\/djfuturo.com\/wp-content\/uploads\/ozone-descargar.jpg\" alt=\"Descargar Ozone\" class=\"wp-image-5023\"\/><\/figure><\/div>\n\n\n<p><a href=\"https:\/\/www.native-instruments.com\/es\/products\/izotope\/ozone-11-standard\/\" target=\"_blank\" rel=\"noreferrer noopener\">&nbsp;Conoce m\u00e1s sobre Ozone<\/a><\/p>\n\n\n\n<h3 class=\"wp-block-heading\">6. AutoTune (Antares)<\/h3>\n\n\n\n<p><strong>AutoTune<\/strong>&nbsp;necesita poca presentaci\u00f3n. Se puede utilizar como plugin o de forma independiente. Su funci\u00f3n es la de afinar el tono, principalmente de las voces. Se utiliza mucho m\u00e1s de lo que se piensa, ya que en su mayor\u00eda suele aplicarse para hacer peque\u00f1os ajustes y correcciones.<\/p>\n\n\n\n<p>Sin embargo, como seguramente sabr\u00e1s, tambi\u00e9n hay una tendencia en ciertos estilos musicales a aplicar correcciones muy fuertes y ajust\u00e1ndolo a escalas concretas, creando ese famoso efecto com\u00fan en la m\u00fasica urbana.<\/p>\n\n\n\n<blockquote class=\"wp-block-quote is-layout-flow wp-block-quote-is-layout-flow\">\n<p>Si trabajas con vocales es un plugin recomendable (o alguno equivalente), aunque no quieras aplicar el famoso \u201cefecto\u201d.<\/p>\n<\/blockquote>\n\n\n<div class=\"wp-block-image\">\n<figure class=\"aligncenter\"><img decoding=\"async\" src=\"https:\/\/djfuturo.com\/wp-content\/uploads\/autotune-descargar.jpg\" alt=\"Descargar AutoTune\" class=\"wp-image-4486\"\/><\/figure><\/div>\n\n\n<p><a href=\"https:\/\/djfuturo.com\/descargar-autotune\/\">&nbsp;Descarga AutoTune<\/a><\/p>\n\n\n\n<h3 class=\"wp-block-heading\">7. Sylenth1 (LennarDigital)<\/h3>\n\n\n\n<p><strong>Sylenth1<\/strong>&nbsp;es un sintetizador hist\u00f3rico ya en la era de los instrumentos virtuales. Es un sintetizador muy popular, que emula la s\u00edntesis anal\u00f3gica y con el que puedes lograr sonidos y resultados profesionales. Adem\u00e1s encontrar\u00e1s miles de presets por internet para descargar.<\/p>\n\n\n\n<p>Se lleva utilizando desde hace muchos a\u00f1os, tiene una gran comunidad, encontrar\u00e1s todo tipo de tutoriales, y es muy usado incluso a nivel profesional.<\/p>\n\n\n\n<blockquote class=\"wp-block-quote is-layout-flow wp-block-quote-is-layout-flow\">\n<p>Es imprescindible tenerlo.<\/p>\n<\/blockquote>\n\n\n<div class=\"wp-block-image\">\n<figure class=\"aligncenter\"><a href=\"https:\/\/djfuturo.com\/descargar-sylenth1\/\"><img decoding=\"async\" src=\"https:\/\/djfuturo.com\/wp-content\/uploads\/sylenth-descargar.jpg\" alt=\"Descargar Sylenth\" class=\"wp-image-5026\"\/><\/a><\/figure><\/div>\n\n\n<p><a href=\"https:\/\/djfuturo.com\/descargar-sylenth1\/\">&nbsp;Descarga Sylenth<\/a><\/p>\n\n\n\n<h3 class=\"wp-block-heading\">8. FabFilter<\/h3>\n\n\n\n<p><strong>FabFilter<\/strong>&nbsp;es un conjunto de plugins de gran calidad orientados principalmente al procesamiento del audio. Destacando mucho por su filtro FabFilter Pro Q, que es su plugin m\u00e1s popular.<\/p>\n\n\n\n<blockquote class=\"wp-block-quote is-layout-flow wp-block-quote-is-layout-flow\">\n<p>Su interfaz es muy visual y precisa.<\/p>\n<\/blockquote>\n\n\n<div class=\"wp-block-image\">\n<figure class=\"aligncenter\"><a href=\"https:\/\/djfuturo.com\/descargar-fabfilter\/\"><img decoding=\"async\" src=\"https:\/\/djfuturo.com\/wp-content\/uploads\/fabfilter-descargar.jpg\" alt=\"Descargar Fabfilter\" class=\"wp-image-5018\"\/><\/a><\/figure><\/div>\n\n\n<p><a href=\"https:\/\/djfuturo.com\/descargar-fabfilter\/\">&nbsp;Descarga FabFilter<\/a><\/p>\n\n\n\n<h3 class=\"wp-block-heading\">9. Omnisphere (Spectrasonics)<\/h3>\n\n\n\n<p><strong>Omnisphere<\/strong>&nbsp;es un sintetizador h\u00edbrido muy completo, que combina tanto la s\u00edntesis como el sampleo con una gran librer\u00eda de sonidos. Es muy flexible, con muchas opciones y tambi\u00e9n destaca por la calidad de su sonido.<\/p>\n\n\n\n<blockquote class=\"wp-block-quote is-layout-flow wp-block-quote-is-layout-flow\">\n<p>Se utiliza mucho tanto para la producci\u00f3n musical como para el cine.<\/p>\n<\/blockquote>\n\n\n<div class=\"wp-block-image\">\n<figure class=\"aligncenter\"><img decoding=\"async\" src=\"https:\/\/djfuturo.com\/wp-content\/uploads\/omnisphere-descargar.jpg\" alt=\"Descargar Omnisphere\" class=\"wp-image-5022\"\/><\/figure><\/div>\n\n\n<p><a href=\"https:\/\/www.spectrasonics.net\/products\/omnisphere\/\" target=\"_blank\" rel=\"noreferrer noopener\">&nbsp;Conoce m\u00e1s sobre Omnisphere<\/a><\/p>\n\n\n\n<h3 class=\"wp-block-heading\">10. Massive (Native Instruments)<\/h3>\n\n\n\n<p><strong>Massive<\/strong>&nbsp;es otro sintetizador casi hist\u00f3rico de la era digital, muy utilizado en estilos musicales tipo dubstep. Su especialidad son los leads con un sonido muy electr\u00f3nico y agresivo, sonidos m\u00e1s \u00e1speros y saturados.<\/p>\n\n\n\n<blockquote class=\"wp-block-quote is-layout-flow wp-block-quote-is-layout-flow\">\n<p>Adem\u00e1s lo han renovado en una nueva versi\u00f3n llamada Massive X, con lo que sigue siendo una buena herramienta para estilos con sonidos m\u00e1s dirty.<\/p>\n<\/blockquote>\n\n\n<div class=\"wp-block-image\">\n<figure class=\"aligncenter\"><a href=\"https:\/\/djfuturo.com\/descargar-massive\/\"><img decoding=\"async\" src=\"https:\/\/djfuturo.com\/wp-content\/uploads\/massive-descargar.jpg\" alt=\"Descargar Massive\" class=\"wp-image-5020\"\/><\/a><\/figure><\/div>\n\n\n<p><a href=\"https:\/\/djfuturo.com\/descargar-massive\/\">&nbsp;Descarga Massive<\/a><\/p>\n\n\n\n<h3 class=\"wp-block-heading\">11. Pigments (Arturia)<\/h3>\n\n\n\n<p><strong>Pigments<\/strong>&nbsp;es un muy buen sintetizador, h\u00edbrido entre varios tipos de s\u00edntesis (como anal\u00f3gica, granular y m\u00e1s) y que tambi\u00e9n cuenta con una intertfaz muy visual y atractiva. Es intuitivo y dispone de muchas opciones para trabajar los sonidos. Da resultados de una gran calidad y dispone de un gran n\u00famero de presets.<\/p>\n\n\n\n<blockquote class=\"wp-block-quote is-layout-flow wp-block-quote-is-layout-flow\">\n<p>Es otro sintetizador ideal, muy flexible gracias a sus diversos tipos de s\u00edntesis.<\/p>\n<\/blockquote>\n\n\n<div class=\"wp-block-image\">\n<figure class=\"aligncenter\"><a href=\"https:\/\/djfuturo.com\/descargar-pigments\/\"><img decoding=\"async\" src=\"https:\/\/djfuturo.com\/wp-content\/uploads\/pigments-descargar.jpg\" alt=\"Descargar Pigments\" class=\"wp-image-5024\"\/><\/a><\/figure><\/div>\n\n\n<p><a href=\"https:\/\/djfuturo.com\/descargar-pigments\/\">&nbsp;Descarga Pigments<\/a><\/p>\n\n\n\n<h3 class=\"wp-block-heading\">12. Effectrix (Sugar Bytes)<\/h3>\n\n\n\n<p><strong>Effectrix<\/strong>&nbsp;es un plugin diferente, se trata de un secuenciador de efectos por tiempos y loops. Puedes crear&nbsp;<em>repeticiones, glitches, breaks, reverses,&nbsp;<\/em>etc. Adem\u00e1s puedes combinarlos, lo que te permite dar rienda suelta a la creatividad.<\/p>\n\n\n\n<p>Su interfaz es muy intuitiva y f\u00e1cil de trabajar con ella. Actualmente van por la versi\u00f3n 2, tras muchos a\u00f1os de \u00e9xito con la primera.<\/p>\n\n\n\n<blockquote class=\"wp-block-quote is-layout-flow wp-block-quote-is-layout-flow\">\n<p>Se suele utilizar mucho para dar toques de dinamismo en la m\u00fasica electr\u00f3nica. Es recomendable tenerlo.<\/p>\n<\/blockquote>\n\n\n<div class=\"wp-block-image\">\n<figure class=\"aligncenter\"><a href=\"https:\/\/djfuturo.com\/descagar-effectrix\/\"><img decoding=\"async\" src=\"https:\/\/djfuturo.com\/wp-content\/uploads\/descargar-effectrix-2.jpg\" alt=\"Descargar Effectrix\" class=\"wp-image-5288\"\/><\/a><\/figure><\/div>\n\n\n<p><a href=\"https:\/\/djfuturo.com\/descagar-effectrix\/\">&nbsp;Descarga Effectrix<\/a><\/p>\n","protected":false},"excerpt":{"rendered":"<p>Los 12 Mejores Plugins VST (+ Descarga) Aqu\u00ed vas a poder ver un listado con\u00a012 de los mejores plugins VST\u00a0que puedes utilizar en los DAW. Algunos son instrumentos virtuales y otros son herramientas para procesar el sonido o aplicar efectos. 1. Kontakt (Native Instruments) Kontakt&nbsp;es un VST de instrumentos sampleados<span class=\"more-link\"><a href=\"https:\/\/djsmedellin.com\/index.php\/plugins-vst-descarga\/\">leer mas<\/a><\/span><\/p>\n","protected":false},"author":1,"featured_media":0,"parent":0,"menu_order":0,"comment_status":"closed","ping_status":"closed","template":"","meta":{"om_disable_all_campaigns":false,"_monsterinsights_skip_tracking":false,"_monsterinsights_sitenote_active":false,"_monsterinsights_sitenote_note":"","_monsterinsights_sitenote_category":0,"_joinchat":[],"footnotes":""},"class_list":["entry","author-djsmedellin-com","post-292","page","type-page","status-publish"],"aioseo_notices":[],"jetpack_sharing_enabled":true,"_links":{"self":[{"href":"https:\/\/djsmedellin.com\/index.php\/wp-json\/wp\/v2\/pages\/292","targetHints":{"allow":["GET"]}}],"collection":[{"href":"https:\/\/djsmedellin.com\/index.php\/wp-json\/wp\/v2\/pages"}],"about":[{"href":"https:\/\/djsmedellin.com\/index.php\/wp-json\/wp\/v2\/types\/page"}],"author":[{"embeddable":true,"href":"https:\/\/djsmedellin.com\/index.php\/wp-json\/wp\/v2\/users\/1"}],"replies":[{"embeddable":true,"href":"https:\/\/djsmedellin.com\/index.php\/wp-json\/wp\/v2\/comments?post=292"}],"version-history":[{"count":2,"href":"https:\/\/djsmedellin.com\/index.php\/wp-json\/wp\/v2\/pages\/292\/revisions"}],"predecessor-version":[{"id":294,"href":"https:\/\/djsmedellin.com\/index.php\/wp-json\/wp\/v2\/pages\/292\/revisions\/294"}],"wp:attachment":[{"href":"https:\/\/djsmedellin.com\/index.php\/wp-json\/wp\/v2\/media?parent=292"}],"curies":[{"name":"wp","href":"https:\/\/api.w.org\/{rel}","templated":true}]}}