{"id":572,"date":"2026-03-27T12:24:41","date_gmt":"2026-03-27T17:24:41","guid":{"rendered":"https:\/\/djsmedellin.com\/?page_id=572"},"modified":"2026-03-27T12:51:01","modified_gmt":"2026-03-27T17:51:01","slug":"comunicado-de-prensa","status":"publish","type":"page","link":"https:\/\/djsmedellin.com\/index.php\/comunicado-de-prensa\/","title":{"rendered":"DE DORMIR EN EL CARRO PERSIGUIENDO A LA SELECCI\u00d3N A CONVERTIRSE EN EL ARTISTA DE LOS HALFTIMES EN EE.UU. LA HISTORIA DE HEIDER GONZALEZ"},"content":{"rendered":"\n<p>DE DORMIR EN EL CARRO PERSIGUIENDO A LA SELECCI\u00d3N A CONVERTIRSE EN EL ARTISTA DE LOS HALFTIMES EN EE.UU. LA HISTORIA DE HEIDER GONZALEZ<\/p>\n\n\n\n<p>Nueva York, 2026 \u2014Lo que comenz\u00f3 como un sue\u00f1o en la \u201cTraves\u00eda Tricolor\u201d durante la Copa Am\u00e9rica \u2014recorriendo m\u00e1s de nueve mil millas (13,500 kil\u00f3metros) persiguiendo a la Selecci\u00f3n Colombia\u2014 hoy se convierte en un hito hist\u00f3rico. El cantautor colombiano Heider Gonzalez, quien en el 2024 sigui\u00f3 al equipo nacional por Estados Unidos durmiendo en su carro, en moteles y a las afueras de los estadios, hoy es el artista oficial  de los halftimes de la Selecci\u00f3n Colombia.<\/p>\n\n\n\n<figure class=\"wp-block-image size-large\"><img loading=\"lazy\" decoding=\"async\" width=\"819\" height=\"1024\" src=\"https:\/\/djsmedellin.com\/wp-content\/uploads\/2026\/03\/IMG_0223-819x1024.jpeg\" alt=\"\" class=\"wp-image-573\" srcset=\"https:\/\/djsmedellin.com\/wp-content\/uploads\/2026\/03\/IMG_0223-819x1024.jpeg 819w, https:\/\/djsmedellin.com\/wp-content\/uploads\/2026\/03\/IMG_0223-240x300.jpeg 240w, https:\/\/djsmedellin.com\/wp-content\/uploads\/2026\/03\/IMG_0223-768x960.jpeg 768w, https:\/\/djsmedellin.com\/wp-content\/uploads\/2026\/03\/IMG_0223-440x550.jpeg 440w, https:\/\/djsmedellin.com\/wp-content\/uploads\/2026\/03\/IMG_0223-400x500.jpeg 400w, https:\/\/djsmedellin.com\/wp-content\/uploads\/2026\/03\/IMG_0223-600x750.jpeg 600w, https:\/\/djsmedellin.com\/wp-content\/uploads\/2026\/03\/IMG_0223.jpeg 1080w\" sizes=\"auto, (max-width: 819px) 100vw, 819px\" \/><\/figure>\n\n\n\n<p>Este 26 y 29 de marzo, HG se presentar\u00e1 en los partidos amistosos frente a Croacia (Orlando) y Francia (Maryland), consolidando un r\u00e9cord sin precedentes: se convierte en el primer artista colombiano en la historia en realizar seis mediotiempos oficiales de la Selecci\u00f3n Colombia en Estados Unidos.<\/p>\n\n\n\n<p>Paralelamente, el artista presenta su nuevo sencillo \u201cTengo un Despecho\u201d, primer adelanto de su pr\u00f3ximo \u00e1lbum PARRANLAND, un proyecto que busca llevar la m\u00fasica parrandera a una dimensi\u00f3n global, fusionando la tradici\u00f3n colombiana con sonidos contempor\u00e1neos.<\/p>\n\n\n\n<p>Como parte de esta experiencia, Heider tambi\u00e9n lidera la creaci\u00f3n de la \u201cFonda Tengo un Despecho\u201d dentro del fanzone oficial, un espacio que conecta a la hinchada con la m\u00fasica, la cultura y la emoci\u00f3n del colombiano en el exterior, transformando el despecho en celebraci\u00f3n.<\/p>\n\n\n\n<p>Con una propuesta aut\u00e9ntica y una historia que conecta con miles de colombianos fuera del pa\u00eds, Heider Gonzalez se posiciona como una de las nuevas caras de la m\u00fasica latin que est\u00e1 llevando la identidad cultural a escenarios internacionales.<\/p>\n\n\n\n<figure class=\"wp-block-image size-large\"><img loading=\"lazy\" decoding=\"async\" width=\"576\" height=\"1024\" src=\"https:\/\/djsmedellin.com\/wp-content\/uploads\/2026\/03\/IMG_0222-576x1024.jpeg\" alt=\"\" class=\"wp-image-574\" srcset=\"https:\/\/djsmedellin.com\/wp-content\/uploads\/2026\/03\/IMG_0222-576x1024.jpeg 576w, https:\/\/djsmedellin.com\/wp-content\/uploads\/2026\/03\/IMG_0222-169x300.jpeg 169w, https:\/\/djsmedellin.com\/wp-content\/uploads\/2026\/03\/IMG_0222-768x1365.jpeg 768w, https:\/\/djsmedellin.com\/wp-content\/uploads\/2026\/03\/IMG_0222-864x1536.jpeg 864w, https:\/\/djsmedellin.com\/wp-content\/uploads\/2026\/03\/IMG_0222-309x550.jpeg 309w, https:\/\/djsmedellin.com\/wp-content\/uploads\/2026\/03\/IMG_0222-281x500.jpeg 281w, https:\/\/djsmedellin.com\/wp-content\/uploads\/2026\/03\/IMG_0222-600x1067.jpeg 600w, https:\/\/djsmedellin.com\/wp-content\/uploads\/2026\/03\/IMG_0222.jpeg 1080w\" sizes=\"auto, (max-width: 576px) 100vw, 576px\" \/><\/figure>\n","protected":false},"excerpt":{"rendered":"<p>DE DORMIR EN EL CARRO PERSIGUIENDO A LA SELECCI\u00d3N A CONVERTIRSE EN EL ARTISTA DE LOS HALFTIMES EN EE.UU. LA HISTORIA DE HEIDER GONZALEZ Nueva York, 2026 \u2014Lo que comenz\u00f3 como un sue\u00f1o en la \u201cTraves\u00eda Tricolor\u201d durante la Copa Am\u00e9rica \u2014recorriendo m\u00e1s de nueve mil millas (13,500 kil\u00f3metros) persiguiendo<span class=\"more-link\"><a href=\"https:\/\/djsmedellin.com\/index.php\/comunicado-de-prensa\/\">leer mas<\/a><\/span><\/p>\n","protected":false},"author":2,"featured_media":573,"parent":0,"menu_order":0,"comment_status":"closed","ping_status":"closed","template":"","meta":{"om_disable_all_campaigns":false,"_monsterinsights_skip_tracking":false,"_monsterinsights_sitenote_active":false,"_monsterinsights_sitenote_note":"","_monsterinsights_sitenote_category":0,"_joinchat":[],"footnotes":""},"class_list":["entry","author-omar-mesa","post-572","page","type-page","status-publish","has-post-thumbnail"],"aioseo_notices":[],"jetpack_sharing_enabled":true,"_links":{"self":[{"href":"https:\/\/djsmedellin.com\/index.php\/wp-json\/wp\/v2\/pages\/572","targetHints":{"allow":["GET"]}}],"collection":[{"href":"https:\/\/djsmedellin.com\/index.php\/wp-json\/wp\/v2\/pages"}],"about":[{"href":"https:\/\/djsmedellin.com\/index.php\/wp-json\/wp\/v2\/types\/page"}],"author":[{"embeddable":true,"href":"https:\/\/djsmedellin.com\/index.php\/wp-json\/wp\/v2\/users\/2"}],"replies":[{"embeddable":true,"href":"https:\/\/djsmedellin.com\/index.php\/wp-json\/wp\/v2\/comments?post=572"}],"version-history":[{"count":2,"href":"https:\/\/djsmedellin.com\/index.php\/wp-json\/wp\/v2\/pages\/572\/revisions"}],"predecessor-version":[{"id":577,"href":"https:\/\/djsmedellin.com\/index.php\/wp-json\/wp\/v2\/pages\/572\/revisions\/577"}],"wp:featuredmedia":[{"embeddable":true,"href":"https:\/\/djsmedellin.com\/index.php\/wp-json\/wp\/v2\/media\/573"}],"wp:attachment":[{"href":"https:\/\/djsmedellin.com\/index.php\/wp-json\/wp\/v2\/media?parent=572"}],"curies":[{"name":"wp","href":"https:\/\/api.w.org\/{rel}","templated":true}]}}